{"id":701,"date":"2023-12-07T23:56:55","date_gmt":"2023-12-08T02:56:55","guid":{"rendered":"https:\/\/ranierequirino.com\/?page_id=701"},"modified":"2023-12-08T00:00:45","modified_gmt":"2023-12-08T03:00:45","slug":"classificacao-2-2","status":"publish","type":"page","link":"https:\/\/ranierequirino.com\/index.php\/classificacao-2-2\/","title":{"rendered":"Classifica\u00e7\u00e3o 2"},"content":{"rendered":"\t\t<div data-elementor-type=\"wp-page\" data-elementor-id=\"701\" class=\"elementor elementor-701\">\n\t\t\t\t\t\t<section class=\"elementor-section elementor-top-section elementor-element elementor-element-f104cde elementor-section-boxed elementor-section-height-default elementor-section-height-default\" data-id=\"f104cde\" data-element_type=\"section\" data-settings=\"{&quot;background_background&quot;:&quot;classic&quot;}\">\n\t\t\t\t\t\t<div class=\"elementor-container elementor-column-gap-default\">\n\t\t\t\t\t<div class=\"elementor-column elementor-col-50 elementor-top-column elementor-element elementor-element-5893d79\" data-id=\"5893d79\" data-element_type=\"column\">\n\t\t\t<div class=\"elementor-widget-wrap elementor-element-populated\">\n\t\t\t\t\t\t<div class=\"elementor-element elementor-element-46517fd elementor-widget elementor-widget-image\" data-id=\"46517fd\" data-element_type=\"widget\" data-widget_type=\"image.default\">\n\t\t\t\t<div class=\"elementor-widget-container\">\n\t\t\t\t\t\t\t\t\t\t\t\t\t\t\t<img fetchpriority=\"high\" decoding=\"async\" width=\"500\" height=\"218\" src=\"https:\/\/ranierequirino.com\/wp-content\/uploads\/2023\/06\/2.png\" class=\"attachment-large size-large wp-image-42\" alt=\"\" srcset=\"https:\/\/ranierequirino.com\/wp-content\/uploads\/2023\/06\/2.png 500w, https:\/\/ranierequirino.com\/wp-content\/uploads\/2023\/06\/2-300x131.png 300w\" sizes=\"(max-width: 500px) 100vw, 500px\" \/>\t\t\t\t\t\t\t\t\t\t\t\t\t\t\t<\/div>\n\t\t\t\t<\/div>\n\t\t\t\t\t<\/div>\n\t\t<\/div>\n\t\t\t\t<div class=\"elementor-column elementor-col-50 elementor-top-column elementor-element elementor-element-67c35af\" data-id=\"67c35af\" data-element_type=\"column\">\n\t\t\t<div class=\"elementor-widget-wrap elementor-element-populated\">\n\t\t\t\t\t\t<div class=\"elementor-element elementor-element-8298ed4 elementor-widget elementor-widget-image\" data-id=\"8298ed4\" data-element_type=\"widget\" data-widget_type=\"image.default\">\n\t\t\t\t<div class=\"elementor-widget-container\">\n\t\t\t\t\t\t\t\t\t\t\t\t\t\t\t<img decoding=\"async\" width=\"1024\" height=\"477\" src=\"https:\/\/ranierequirino.com\/wp-content\/uploads\/2023\/06\/1-1024x477.png\" class=\"attachment-large size-large wp-image-35\" alt=\"\" srcset=\"https:\/\/ranierequirino.com\/wp-content\/uploads\/2023\/06\/1-1024x477.png 1024w, https:\/\/ranierequirino.com\/wp-content\/uploads\/2023\/06\/1-300x140.png 300w, https:\/\/ranierequirino.com\/wp-content\/uploads\/2023\/06\/1-768x358.png 768w, https:\/\/ranierequirino.com\/wp-content\/uploads\/2023\/06\/1-1536x716.png 1536w, https:\/\/ranierequirino.com\/wp-content\/uploads\/2023\/06\/1-2048x955.png 2048w\" sizes=\"(max-width: 1024px) 100vw, 1024px\" \/>\t\t\t\t\t\t\t\t\t\t\t\t\t\t\t<\/div>\n\t\t\t\t<\/div>\n\t\t\t\t\t<\/div>\n\t\t<\/div>\n\t\t\t\t\t<\/div>\n\t\t<\/section>\n\t\t\t\t<section class=\"elementor-section elementor-top-section elementor-element elementor-element-0ed51d6 elementor-section-boxed elementor-section-height-default elementor-section-height-default\" data-id=\"0ed51d6\" data-element_type=\"section\" data-settings=\"{&quot;background_background&quot;:&quot;classic&quot;}\">\n\t\t\t\t\t\t<div class=\"elementor-container elementor-column-gap-default\">\n\t\t\t\t\t<div class=\"elementor-column elementor-col-100 elementor-top-column elementor-element elementor-element-d74c09c\" data-id=\"d74c09c\" data-element_type=\"column\">\n\t\t\t<div class=\"elementor-widget-wrap elementor-element-populated\">\n\t\t\t\t\t\t<div class=\"elementor-element elementor-element-65ea4f7 elementor-widget elementor-widget-heading\" data-id=\"65ea4f7\" data-element_type=\"widget\" data-widget_type=\"heading.default\">\n\t\t\t\t<div class=\"elementor-widget-container\">\n\t\t\t\t\t<h2 class=\"elementor-heading-title elementor-size-default\">Sa\u00fade feminina em primeiro lugar<\/h2>\t\t\t\t<\/div>\n\t\t\t\t<\/div>\n\t\t\t\t<div class=\"elementor-element elementor-element-20df212 elementor-widget elementor-widget-image\" data-id=\"20df212\" data-element_type=\"widget\" data-widget_type=\"image.default\">\n\t\t\t\t<div class=\"elementor-widget-container\">\n\t\t\t\t\t\t\t\t\t\t\t\t\t\t\t<img decoding=\"async\" width=\"1024\" height=\"683\" src=\"https:\/\/ranierequirino.com\/wp-content\/uploads\/2023\/06\/T9A7475-1024x683.jpg\" class=\"attachment-large size-large wp-image-194\" alt=\"\" srcset=\"https:\/\/ranierequirino.com\/wp-content\/uploads\/2023\/06\/T9A7475-1024x683.jpg 1024w, https:\/\/ranierequirino.com\/wp-content\/uploads\/2023\/06\/T9A7475-300x200.jpg 300w, https:\/\/ranierequirino.com\/wp-content\/uploads\/2023\/06\/T9A7475-768x512.jpg 768w, https:\/\/ranierequirino.com\/wp-content\/uploads\/2023\/06\/T9A7475-1536x1024.jpg 1536w, https:\/\/ranierequirino.com\/wp-content\/uploads\/2023\/06\/T9A7475-2048x1365.jpg 2048w\" sizes=\"(max-width: 1024px) 100vw, 1024px\" \/>\t\t\t\t\t\t\t\t\t\t\t\t\t\t\t<\/div>\n\t\t\t\t<\/div>\n\t\t\t\t<div class=\"elementor-element elementor-element-19fc92b elementor-widget elementor-widget-image\" data-id=\"19fc92b\" data-element_type=\"widget\" data-settings=\"{&quot;_animation_mobile&quot;:&quot;zoomIn&quot;}\" data-widget_type=\"image.default\">\n\t\t\t\t<div class=\"elementor-widget-container\">\n\t\t\t\t\t\t\t\t\t\t\t\t\t\t\t<img loading=\"lazy\" decoding=\"async\" width=\"150\" height=\"150\" src=\"https:\/\/ranierequirino.com\/wp-content\/uploads\/2023\/06\/Design-sem-nome-4-150x150.png\" class=\"attachment-thumbnail size-thumbnail wp-image-129\" alt=\"\" srcset=\"https:\/\/ranierequirino.com\/wp-content\/uploads\/2023\/06\/Design-sem-nome-4-150x150.png 150w, https:\/\/ranierequirino.com\/wp-content\/uploads\/2023\/06\/Design-sem-nome-4-300x300.png 300w, https:\/\/ranierequirino.com\/wp-content\/uploads\/2023\/06\/Design-sem-nome-4-1024x1024.png 1024w, https:\/\/ranierequirino.com\/wp-content\/uploads\/2023\/06\/Design-sem-nome-4-768x768.png 768w, https:\/\/ranierequirino.com\/wp-content\/uploads\/2023\/06\/Design-sem-nome-4.png 1080w\" sizes=\"(max-width: 150px) 100vw, 150px\" \/>\t\t\t\t\t\t\t\t\t\t\t\t\t\t\t<\/div>\n\t\t\t\t<\/div>\n\t\t\t\t<div class=\"elementor-element elementor-element-991a9f4 elementor-widget elementor-widget-spacer\" data-id=\"991a9f4\" data-element_type=\"widget\" data-widget_type=\"spacer.default\">\n\t\t\t\t<div class=\"elementor-widget-container\">\n\t\t\t\t\t\t\t<div class=\"elementor-spacer\">\n\t\t\t<div class=\"elementor-spacer-inner\"><\/div>\n\t\t<\/div>\n\t\t\t\t\t\t<\/div>\n\t\t\t\t<\/div>\n\t\t\t\t\t<\/div>\n\t\t<\/div>\n\t\t\t\t\t<\/div>\n\t\t<\/section>\n\t\t\t\t<section class=\"elementor-section elementor-top-section elementor-element elementor-element-2c429b5 elementor-section-boxed elementor-section-height-default elementor-section-height-default\" data-id=\"2c429b5\" data-element_type=\"section\">\n\t\t\t\t\t\t<div class=\"elementor-container elementor-column-gap-default\">\n\t\t\t\t\t<div class=\"elementor-column elementor-col-100 elementor-top-column elementor-element elementor-element-c0f1c4e\" data-id=\"c0f1c4e\" data-element_type=\"column\">\n\t\t\t<div class=\"elementor-widget-wrap elementor-element-populated\">\n\t\t\t\t\t\t<div class=\"elementor-element elementor-element-7f730f3 elementor-widget elementor-widget-heading\" data-id=\"7f730f3\" data-element_type=\"widget\" data-widget_type=\"heading.default\">\n\t\t\t\t<div class=\"elementor-widget-container\">\n\t\t\t\t\t<h2 class=\"elementor-heading-title elementor-size-default\">RELATO<\/h2>\t\t\t\t<\/div>\n\t\t\t\t<\/div>\n\t\t\t\t\t<\/div>\n\t\t<\/div>\n\t\t\t\t\t<\/div>\n\t\t<\/section>\n\t\t\t\t<section class=\"elementor-section elementor-top-section elementor-element elementor-element-797e764 elementor-section-boxed elementor-section-height-default elementor-section-height-default\" data-id=\"797e764\" data-element_type=\"section\" data-settings=\"{&quot;background_background&quot;:&quot;classic&quot;}\">\n\t\t\t\t\t\t<div class=\"elementor-container elementor-column-gap-default\">\n\t\t\t\t\t<div class=\"elementor-column elementor-col-33 elementor-top-column elementor-element elementor-element-49d639c\" data-id=\"49d639c\" data-element_type=\"column\">\n\t\t\t<div class=\"elementor-widget-wrap elementor-element-populated\">\n\t\t\t\t\t\t<div class=\"elementor-element elementor-element-1ef2665 elementor-widget elementor-widget-testimonial\" data-id=\"1ef2665\" data-element_type=\"widget\" data-widget_type=\"testimonial.default\">\n\t\t\t\t<div class=\"elementor-widget-container\">\n\t\t\t\t\t\t\t<div class=\"elementor-testimonial-wrapper\">\n\t\t\t\t\t\t\t<div class=\"elementor-testimonial-content\">Minha primeira consulta com Dr. Raniere foi h\u00e1 5 anos (2018), quando estava gr\u00e1vida do meu primeiro filho, Jo\u00e3o. Como ele nasceu no m\u00eas em que Raniere viajava de f\u00e9rias, n\u00e3o pude, naquele momento, ter sua assist\u00eancia no parto. Continuei depois com ele como ginecologista (com uma pausa na pandemia). Em dezembro de 2022, fui pega de surpresa pela minha segunda gesta\u00e7\u00e3o, aos 40 anos de idade. A gesta\u00e7\u00e3o foi evoluindo tranquilamente e o irm\u00e3o mais velho estava radiante com a chegada da irm\u00e3 t\u00e3o desejada por ele. Quando chegamos na 37\u00b0 semana, as ultrassons come\u00e7aram a mostrar redu\u00e7\u00e3o do l\u00edquido amni\u00f3tico e minha bebezinha parecia n\u00e3o estar ganhando peso suficiente. A altura uterina estava abaixo do esperado e minha press\u00e3o come\u00e7ou a oscilar bastante. Apesar de n\u00e3o ser um quadro ideal, Dr. Raniere sempre trazia palavras tranquilizadoras, com base nas evid\u00eancias, o que me deixava segura e confiante. Como precau\u00e7\u00e3o, na 38\u00b0 semana, ele sugeriu iniciarmos a indu\u00e7\u00e3o natural com o descolamento de membranas. Eu autorizei que ele fizesse e apesar do inc\u00f4modo, n\u00e3o senti dor alguma com o procedimento. Ao chegar em casa, observei que come\u00e7ou a sair muito tamp\u00e3o mucoso, muito mesmo. E assim permaneceu durante alguns dias. Mas nada de contra\u00e7\u00f5es dolorosas por enquanto. Apenas as de treinamento que eu j\u00e1 sentia h\u00e1 muitas semanas. Iniciei ent\u00e3o as sess\u00f5es de acupuntura pra estimularai da mais. Nas consultas obst\u00e9tricas, que j\u00e1 aconteciam semanalmente, nessa fase, os cuidados se intensificavam. Dr. Raniere sempre atento aos laudos das ultras e acompanhando minha press\u00e3o. Meu cora\u00e7\u00e3o estava tranquilo. Confiava em Deus, no meu m\u00e9dico e sabia que meu corpo estava se preparando pra o grande dia. Em casa, eu tentava outras formas de indu\u00e7\u00e3o natural: ch\u00e1 de naoli, ch\u00e1 de canela, t\u00e2mara. Outro descolamento foi feito no consult\u00f3rio com 39 semanas (dessa vez mais dolorido e com tamp\u00e3o com sangue saindo). E o corpo come\u00e7ou a dar sinais. Ap\u00f3s a \u00faltima sess\u00e3o de acupuntura, come\u00e7aram os pr\u00f3dromos. As contra\u00e7\u00f5es doloridas vinham no in\u00edcio da noite, passavam a madrugada incomodando e iam embora pela manh\u00e3. Ainda sem ritmo. Foi um per\u00edodo muuuito cansativo. Aquele momento em a gente diz: n\u00e3o aguento mais estar gr\u00e1vida kkkkk. Chegamos \u00e0s 40 semanas. E nada de trabalho de parto. Eu tava muito cansada. H\u00e1 dias sem dormir por conta dos pr\u00f3dromos. Dor de cabe\u00e7a por causa da press\u00e3o alterada. No s\u00e1bado, dia 05. 08, eu decidi que n\u00e3o ia mais fazer nada de indu\u00e7\u00e3o natural. Tava cansada de tantas tentativas. Esse amanheceu t\u00e3o bonito que resolvemos ir \u00e0 praia e aproveitar nossos \u00faltimos momentos como fam\u00edlia de 3. Logo, logo ser\u00edamos 4. O corpo precisava relaxar pra que os horm\u00f4nios pudessem trabalhar. E assim foi. \u00c0s 4h30 da madrugada do domingo, acordei sentindo duas contra\u00e7\u00f5es bem doloridas, diferentes das que sentia h\u00e1 dias. Ainda fiquei um pouco na cama, tentando entender o que tava acontecendo. Meia hora depois, levantei pra fazer xixi e chu\u00e1 kkkk. A bolsa das \u00e1guas tinha se rompido. Aquele l\u00edquido quentinho enxarcou toda a minha roupa. Que sensa\u00e7\u00e3o gostosa! Tava chegando a hora de conhecer Marina. Sa\u00ed de mansinho do quarto onde estavam dormindo meu filho e meu marido e corri pro banheiro pra verificar a cor do l\u00edquido, o cheiro. E ufa. Tudo ok. L\u00edquido transparente com cheiro de \u00e1gua sanit\u00e1ria. E muuuuito tamp\u00e3o. Fui tomar banho. Fiquei alguns minutos debaixo da \u00e1gua quente pra ver se sentia alguma coisa de diferente. E nada. Nada de dor. Nada de contra\u00e7\u00e3o. Vixe! Parecia ser bolsa r\u00f4ta. De novo! J\u00e1 tinha vivido isso no meu primeiro parto. L\u00e1 em 2019, foram mais de 30 hrs aguardando o in\u00edcio das contra\u00e7\u00f5es. Lembro de ter sido bem desesperador e arriscado. Mas dessa vez, n\u00e3o. Eu estava mais segura, mais informada e mais bem assistida. Descansei o cora\u00e7\u00e3o. Sa\u00ed do banho e, antes mesmo de acordar o marido, liguei pra minha doula Renata e pra Dr. Raniere. Renata verificou como eu estava me sentindo e pediu pra que descansasse na medida do poss\u00edvel. Raniere fez algumas perguntas pra se certificar que estava tudo bem e me avisou que estaria no hospital em poucas horas para dar alta a duas pacientes e que poderia me avaliar, caso eu sentisse necessidade. Como meu marido estava super ansioso, resolvi ir pra tranquilizar ele. Na avalia\u00e7\u00e3o, Raniere confirmou a bolsa r\u00f4ta, fez mais um descolamento e disse que estava tudo bem comigo e com Marina. Conversamos sobre o percurso da gesta\u00e7\u00e3o e ele me deu duas op\u00e7\u00f5es: internar pra iniciar a indu\u00e7\u00e3o ou voltar pra casa e aguardar as contra\u00e7\u00f5es come\u00e7arem. O colo ainda estava alto e com apenas um dedinho de dilata\u00e7\u00e3o. Como eu j\u00e1 tinha passado pela experi\u00eancia da bolsa r\u00f4ta no primeiro parto, entendi naquele momento que provavelmente ela fazia parte da minha fisiologia e que em algumas horas o trabalho de parto poderia finalmente engrenar. Ent\u00e3o, escolhi ir pra casa e esperar as contra\u00e7\u00f5es. Eu queria muito me despedir do meu filho Jo\u00e3o, que tinha ficado com os av\u00f3s e chorou bastante quando a gente saiu pro hospital. Depois de almo\u00e7armos em casa, passamos a tarde brincando com Jo\u00e3o e nos despedindo mesmo da nossa fam\u00edlia de 3. Foi um momento t\u00e3o relaxante pra mim. Me senti em paz em ter tomado a decis\u00e3o de ir pra casa e feliz de ter tido minha vontade respeitada. Por volta das 17h, quando levantei do ch\u00e3o onde brincava com Jo\u00e3o, senti um peso enooorme na barriga. Muito peso mesmo. Tanto que n\u00e3o consegui mais andar direito. Comecei a sentir umas c\u00f3licas leves, nada demais. L\u00e1 pras 21h, quando est\u00e1vamos colocando Jo\u00e3o pra dormir, comecei a sentir as primeiras contra\u00e7\u00f5es. Muito parecidas com as dos pr\u00f3dromos. Sem ritmo e de pouca dura\u00e7\u00e3o. Avisei a Renata e a Raniere e a recomenda\u00e7\u00e3o foi de tentar descansar. E assim fiz. Consegui cochilar ate mais ou menos meia-noite. Quando acordei, notei que as contra\u00e7\u00f5es estavam ficando mais doloridas, por\u00e9m sem ritmo ainda. Permaneci deitada, mas n\u00e3o consegui dormir mais. Perto das 2h, as dores come\u00e7aram a de fato me incomodar. Levantei e tentei encontrar uma posi\u00e7\u00e3o que aliviasse, ao mesmo que tentava cronometrar. Perto das 3h, as dores ficaram muuuito chatas e eu comecei a ficar impaciente. \"Hora de ir pro hospital\", pensei. Acordei o marido e pedi pra ele organizar as coisas no carro. Enquanto isso, liguei pra Raniere e avisei que n\u00e3o tava mais aguentando ficar em casa. Liguei pra Renata e pedi pra ela nos encontrar no hospital. Mas as contra\u00e7\u00f5es come\u00e7aram a ficar muito perto umas das outras e eu achei melhor a gente passar pra pegar ela e seguirmos juntos pro hospital. \"E se essa menina nascer no carro?\", eu pensei. Acionamos a nossa rede de apoio, os av\u00f3s, pra ficar com Jo\u00e3o e partimos. Eu n\u00e3o via a hora de chegar no hospital. \"Preciso gritar\", eu dizia ao meu marido. Dentro do carro, as contra\u00e7\u00f5es ficaram mais doloridas ainda. Quando elas vinham, eu ficava de joelhos no banco e vocalizava bastante. Renata fazia massagem nas costas. Chegamos por volta das 4h. Entrei no hospital com Renata e o marido foi estacionar o carro. Uma contra\u00e7\u00e3o atr\u00e1s da outra. Sentar eu n\u00e3o conseguia mais. Quando a contra\u00e7\u00e3o vinha, eu inclinava o corpo pra frente e colocava as m\u00e3os nos joelhos. Depois de responder a in\u00fameras perguntas na triagem (em p\u00e9, com as m\u00e3os no joelho e Renata massageando minhas costas), segui pra uma sala de pr\u00e9 parto. L\u00e1 as contra\u00e7\u00f5es se intensificaram. \"N\u00e3o tem mais intervalo\", eu gritei pra Renata. Eu vocalizava. Muito. Cotovelos apoiados na cama. Massagem. Muita massagem com \u00f3leo essencial. \"Se quiser gritar, grita, Manu. Voc\u00ea veio aqui pra isso\", Renata dizia. Eu s\u00f3 consguia vocalizar. Muito. Em todas as contra\u00e7\u00f5es. A obstetra do plant\u00e3o fez um toque: 9 cm. \"Gra\u00e7as a Deus\", eu gritei. Ela pediu pra eu ficar deitada. \"Levanta, Manu. Voc\u00ea n\u00e3o vai aguentar sentir a pr\u00f3xima contra\u00e7\u00e3o deitada\", renata falou. E eu voltei pra posi\u00e7\u00e3o que eu tava. Escutei quando meu marido mandou mensagem pra Raniere. \"Dr., ela j\u00e1 t\u00e1 com 9 cm\", ele falou. A m\u00e9dica platonista saiu correndo pra dar entrada no internamento. Meu marido saiu doido atr\u00e1s dela kkkk. \"Vai nascer, Dra\", ele disse. (Essa parte ele me contou porque nessa hora eu j\u00e1 n\u00e3o tava vendo mais nada kkkk). Nesse momento (eu acho kkk), Dr. Raniere chegou. Eu n\u00e3o o vi porque estava numa contra\u00e7\u00e3o muito forte. Mas percebi que as luzes foram apagadas (meu marido contou que foi ele quem apagou) e escutei a voz dele brincando: \"Rapidinha ela, n\u00e9?\". No intervalo curto das contra\u00e7\u00f5es, eu confirmei a chegada dele: \"Ai, gra\u00e7as a Deus que Raniere chegou! J\u00e1 posso parir\". Todos riram. Meu marido foi assinar os benditos pap\u00e9is do internamento. Raniere trocou de lugar com ele e me deu as m\u00e3os pra eu apertar. N\u00e3o lembro de ter apertado. Lembro apenas de segurar nas m\u00e3os dele e agradecer a Deus por estar rodeada das pessoas que eu queria que estivessem naquele momento comigo. Chegou o maqueiro. \"Manu, vamos l\u00e1 pra cima. L\u00e1 \u00e9 um lugar melhor pra gente parir\", Raniere falou. Eu senti que faltava muito pouco nessa hora. Avisei que n\u00e3o ia conseguir ir deitada na maca. Ent\u00e3o, a enfermeira do plant\u00e3o trouxe a cadeira de rodas. Antes de eu sentar, ela perguntou se eu poderia mesmo ir na cadeira. E Raniere disse: \"Ela t\u00e1 comigo\". E seguimos pro 9\u00b0 andar, pra sala de parto. Que caminho longo, meu Deus! Quantos corredores! Meu marido disse que me levantei v\u00e1rias vezes da cadeira quando as contra\u00e7\u00f5es vinham. Colocava as m\u00e3os nos joelhos e vocalizava. \"Que calor!\", eu disse quando entramos no elevador. Eu comecei a entrar na partol\u00e2ndia. Faltando pouco pra chegar na sala de parto, eu senti a primeira vontade fazer for\u00e7a. \"N\u00e3o vai dar tempo\", eu pensei. \u00c9 impressionante como a gente pensa mil coisas durante o trabalho de parto kkkk. Chegamos na sala e eu escutei Raniere dizer: \"Manu, sobe na cama e fica de joelhos com as m\u00e3os apoiadas na cabeceira. Tu vai gostar desse posi\u00e7\u00e3o\". Como minha dor era toda nas costas, eu imaginei que seria uma boa posi\u00e7\u00e3o mesmo. Mas meu corpo n\u00e3o respondia. Eu n\u00e3o conseguia levantar da cadeira. \"Ela t\u00e1 em transe\", ouvi Renata dizer. Meu corpo tava ali, mas minha cabe\u00e7a tava em outra dimens\u00e3o. Do nada, tive uma tomada de consci\u00eancia e me levantei num sobressalto da cadeira. Renata e meu marido correram pra tirar minha calcinha. E veio mais um puxo que me fez inclinar o corpo pra frente. Raniere correu em minha dire\u00e7\u00e3o. \"Eita.. a posi\u00e7\u00e3o\". Nessa hora lembro de colocar a m\u00e3o embaixo e senti tudo se abrindo. Senti medo. Aquele medo que vem antes de uma coisa incr\u00edvel acontecer, sabe como \u00e9? Apesar de saber que eu poderia parir na posi\u00e7\u00e3o que eu quisesse, n\u00e3o me senti segura de parir em p\u00e9. Lembrei da sugest\u00e3o de Raniere. Subi na cama e me posicionei de joelhos. At\u00e9 hoje me pergunto como consegui isso com a menina j\u00e1 coroando kkkk. \"Junta mais os joelhos, Manu\", Raniere disse. \"Ai, t\u00e1 queimando, t\u00e1 queimando, t\u00e1 queimando\", eu gritei. \"\u00c9 o c\u00edrculo de fogo, Manu\", Renata me lembrou. \"Ela j\u00e1 t\u00e1 aqui, amor\", meu marido falou emocionado. Olhei pra baixo e vi a cabe\u00e7a de Marina saindo. Passei a m\u00e3o no cabelinho dela. \"Meu Deus, Meu Deus, Meu Deus\", eu repetia. Raniere chamou meu marido: \"Vem que ela j\u00e1 t\u00e1 saindo\". O \u00faltimo puxo veio. Forte, longo, dolorido. E Marina nasceu. Minha Marina. R\u00e1pida como um foguete. A cara do irm\u00e3o. \u00c0s 4h57 do dia 07.08.23. Foi recebida pelo pai, como era nosso desejo. Mas como o cord\u00e3o era muito curto, Raniere precisou ajudar a me entregar. \"Ela t\u00e1 aqui, Manu, nas minhas m\u00e3os. Pode virar. Ela t\u00e1 segura\", ele disse. Ent\u00e3o, eu sentei e finalmente recebi a minha Marina. Naquele momento o tempo parou. Ficamos n\u00f3s duas ali, nos reconhecendo por uns bons minutos. Que conex\u00e3o! T\u00e3o quentinha, t\u00e3o gostosinha de segurar. E o cheiro da cabe\u00e7a? Uma del\u00edcia! Os primeiros raios de sol entravam pela fresta da janela. A vida come\u00e7ava a se movimentar l\u00e1 fora e dentro de n\u00f3s. Quando o cord\u00e3o parou de pulsar, o papai fez o corte. Enquanto curt\u00edamos nossa hora dourada, Dr. Raniere e sua assistente continuavam os cuidados acompanhando a sa\u00edda da placenta. Marina foi avaliada pelo Neo do plant\u00e3o. Apgar 9 e 10. Mas o nascimento de Marina n\u00e3o terminou a\u00ed. Por conta de um desconforto respirat\u00f3rio causado por uma hipotermia, que s\u00f3 foi notado quando chegamos na enfermaria, ela precisou ir pra UTI. Foram os 5 piores dias da minha vida. Lembro de Raniere ainda mantendo contato conosco durante esses dias, sempre trazendo palavras de bom \u00e2nimo, assim como Renata, minha doula e amiga. Um momento da minha vida do qual nunca esquecerei. Podem passar 100 anos e eu nunca esquecerei.<\/div>\n\t\t\t\n\t\t\t\t\t\t<div class=\"elementor-testimonial-meta elementor-has-image elementor-testimonial-image-position-aside\">\n\t\t\t\t<div class=\"elementor-testimonial-meta-inner\">\n\t\t\t\t\t\t\t\t\t\t\t<div class=\"elementor-testimonial-image\">\n\t\t\t\t\t\t\t<img loading=\"lazy\" decoding=\"async\" width=\"1079\" height=\"1448\" src=\"https:\/\/ranierequirino.com\/wp-content\/uploads\/2023\/12\/656d74edf1c0e.jpg\" class=\"attachment-full size-full wp-image-697\" alt=\"\" srcset=\"https:\/\/ranierequirino.com\/wp-content\/uploads\/2023\/12\/656d74edf1c0e.jpg 1079w, https:\/\/ranierequirino.com\/wp-content\/uploads\/2023\/12\/656d74edf1c0e-224x300.jpg 224w, https:\/\/ranierequirino.com\/wp-content\/uploads\/2023\/12\/656d74edf1c0e-763x1024.jpg 763w, https:\/\/ranierequirino.com\/wp-content\/uploads\/2023\/12\/656d74edf1c0e-768x1031.jpg 768w\" sizes=\"(max-width: 1079px) 100vw, 1079px\" \/>\t\t\t\t\t\t<\/div>\n\t\t\t\t\t\n\t\t\t\t\t\t\t\t\t\t<div class=\"elementor-testimonial-details\">\n\t\t\t\t\t\t\t\t\t\t\t\t\t\t<div class=\"elementor-testimonial-name\"> Manuela Paix\u00e3o<\/div>\n\t\t\t\t\t\t\t\t\t\t\t\t\t\t\t\t\t\t\t<\/div>\n\t\t\t\t\t\t\t\t\t<\/div>\n\t\t\t<\/div>\n\t\t\t\t\t<\/div>\n\t\t\t\t\t\t<\/div>\n\t\t\t\t<\/div>\n\t\t\t\t\t<\/div>\n\t\t<\/div>\n\t\t\t\t<div class=\"elementor-column elementor-col-33 elementor-top-column elementor-element elementor-element-8f2fe1b\" data-id=\"8f2fe1b\" data-element_type=\"column\">\n\t\t\t<div class=\"elementor-widget-wrap\">\n\t\t\t\t\t\t\t<\/div>\n\t\t<\/div>\n\t\t\t\t<div class=\"elementor-column elementor-col-33 elementor-top-column elementor-element elementor-element-38809f5\" data-id=\"38809f5\" data-element_type=\"column\">\n\t\t\t<div class=\"elementor-widget-wrap\">\n\t\t\t\t\t\t\t<\/div>\n\t\t<\/div>\n\t\t\t\t\t<\/div>\n\t\t<\/section>\n\t\t\t\t<\/div>\n\t\t","protected":false},"excerpt":{"rendered":"<p>Sa\u00fade feminina em primeiro lugar RELATO Minha primeira consulta com Dr. Raniere foi h\u00e1 5 anos (2018), quando estava gr\u00e1vida do meu primeiro filho, Jo\u00e3o. Como ele nasceu no m\u00eas em que Raniere viajava de f\u00e9rias, n\u00e3o pude, naquele momento, ter sua assist\u00eancia no parto. Continuei depois com ele como ginecologista (com uma pausa na [&hellip;]<\/p>\n","protected":false},"author":1,"featured_media":0,"parent":0,"menu_order":0,"comment_status":"closed","ping_status":"closed","template":"elementor_canvas","meta":{"footnotes":""},"class_list":["post-701","page","type-page","status-publish","hentry"],"_links":{"self":[{"href":"https:\/\/ranierequirino.com\/index.php\/wp-json\/wp\/v2\/pages\/701"}],"collection":[{"href":"https:\/\/ranierequirino.com\/index.php\/wp-json\/wp\/v2\/pages"}],"about":[{"href":"https:\/\/ranierequirino.com\/index.php\/wp-json\/wp\/v2\/types\/page"}],"author":[{"embeddable":true,"href":"https:\/\/ranierequirino.com\/index.php\/wp-json\/wp\/v2\/users\/1"}],"replies":[{"embeddable":true,"href":"https:\/\/ranierequirino.com\/index.php\/wp-json\/wp\/v2\/comments?post=701"}],"version-history":[{"count":4,"href":"https:\/\/ranierequirino.com\/index.php\/wp-json\/wp\/v2\/pages\/701\/revisions"}],"predecessor-version":[{"id":706,"href":"https:\/\/ranierequirino.com\/index.php\/wp-json\/wp\/v2\/pages\/701\/revisions\/706"}],"wp:attachment":[{"href":"https:\/\/ranierequirino.com\/index.php\/wp-json\/wp\/v2\/media?parent=701"}],"curies":[{"name":"wp","href":"https:\/\/api.w.org\/{rel}","templated":true}]}}